is the units digit of j?
1
Let o(n) = 31*n**2 + 2*n. What is the units digit of o(-1)?
9
Suppose -5*u + 8*u - 12 = 0. Suppose -4*z + u*q = 22 - 134, 0 = 2*q. What is the tens digit of z?
2
Suppose -3*j = 3*j - 12. What is the units digit of j?
2
Let b = 9 + 42. What is the tens digit of b?
5
Let j be (-1371)/(-27) - 2/(-9). Suppose -2*y + 13 = -3*r, -r = y - 1 - 3. Suppose 9 = y*h - j. What is the tens digit of h?
1
Suppose 0 = -11*q + 8*q + 396. What is the hundreds digit of q?
1
Suppose -4*l - 3*c = -6*c - 1219, -l + 3*c + 307 = 0. What is the hundreds digit of l?
3
Let n be 6/(-6) - (0 + -2). Let a be 12/8*4/n. Suppose -2*x + 2 + a = 0. What is the units digit of x?
4
Let b = -1 - -3. Let y = b - -1. Suppose -y*o + 10 = -o. What is the units digit of o?
5
Let x = -43 - -29. Let i = 13 - x. What is the tens digit of i?
2
Suppose -26*s + 28*s - 166 = 0. What is the tens digit of s?
8
Let n = 16 + -10. Suppose -3 = -2*g + f, 0*f = 2*g + 5*f + 15. Let c = n - g. What is the units digit of c?
6
Let x(c) = -c**3 + 6*c**2 - 3*c - 3. Let m be x(5). What is the units digit of m/(-35) - 11/(-5)?
2
Suppose 0 = -22*l + 26*l - 1144. What is the tens digit of l?
8
Let m = -2 - -30. What is the tens digit of m?
2
What is the units digit of 34/(-187) - (-3062)/22?
9
Let x(j) = j. Suppose -3*w - 1 = -4*w. Let o(q) = -q**2 + 12*q + 5. Let b(l) = w*o(l) - 5*x(l). What is the units digit of b(7)?
5
Let c = -11 + 114. What is the units digit of c?
3
What is the units digit of (972/(-126))/((-2)/28)?
8
Let y = 568 - 339. What is the tens digit of y?
2
Suppose 0 = -2*d + 5*k + 23, 3*d - 2*k + 28 = -7*k. Let t(p) = -11*p. Let m be t(d). Let w = m + -5. What is the units digit of w?
6
Suppose -3*h - 19 = 5*p, -13 = 4*h - 1. Let m be 0 + p/1 + 4. Suppose -3*x + 1 = -m*x. What is the units digit of x?
1
Let u be (-1)/2 + (-3)/(-6). Suppose u = x - 35 - 6. What is the units digit of x?
1
Let h(j) = -j**3 - j + 1. Let a be h(0). What is the tens digit of (8 + a*-2)*2?
1
Let z(b) = -b**2 + 9*b + 20. Let y be z(10). What is the units digit of (-42)/(-15) - (-2)/y?
3
Suppose 46 + 9 = 3*v + 2*q, v + 5*q - 14 = 0. What is the units digit of v?
9
Let k = -271 + 487. What is the hundreds digit of k?
2
Let c(d) = 7*d**3 - 15*d**2 + 4*d - 4. Let a(u) = -20*u**3 + 44*u**2 - 13*u + 12. Let k(w) = -6*a(w) - 17*c(w). What is the tens digit of k(8)?
1
Let k = 11 + -8. Suppose f - k = 0, -4*w - 2*f + 141 = f. What is the tens digit of w?
3
Suppose -p = -11 + 29. Let y = -13 - p. What is the units digit of y?
5
Suppose 0 = -3*p - 3 - 33. Let s(l) = l**3 + 11*l**2 - 11*l + 14. Let g be s(p). What is the tens digit of g*(25/2 + -3)?
1
Let r(c) = -c**2 + 16*c - 13. What is the units digit of r(14)?
5
Suppose 9*u = -10*u + 5339. What is the hundreds digit of u?
2
Let z(s) = -s**2 + 10*s + 9. What is the units digit of z(9)?
8
Suppose 4*n = 8*n - 192. What is the tens digit of n?
4
Let n(c) be the second derivative of c**5/20 + 11*c**4/12 - 17*c**3/6 - 8*c**2 + c. What is the units digit of n(-12)?
4
Suppose -w + 29 = 4*t, 2*w + 5*t = w + 30. What is the tens digit of w?
2
What is the tens digit of (-2)/(-3) + (-156)/(-9)?
1
Let r(d) = -9*d + 36. What is the tens digit of r(-17)?
8
Let g(p) = p**2 + 3*p + 18. Let t be g(9). Let o = t - 70. What is the tens digit of o?
5
Let u = -10 + 17. What is the units digit of u?
7
What is the tens digit of -3 - (-6 + 3 - 18)?
1
Suppose 0*g - 39 = -g - y, 3*g - 5*y = 117. What is the units digit of g?
9
Suppose 5*p - 3*p - 64 = 0. Suppose o = -4*t + p, 5*o = -3*t + 6 + 35. What is the units digit of t?
7
Let x be -3 + -2 + (-2 - -1). What is the tens digit of (-136)/x - 4/6?
2
Let b(x) = -x**2 - 10*x + 8. Let j be b(-11). Let u(z) = 2*z**2 - 6*z + 2. What is the units digit of u(j)?
8
Let u(i) = 4*i**3 + 3*i + 3. Let p be u(-2). Let z = 49 + p. What is the units digit of z?
4
Let y(q) = q + 2. Let m be y(0). Let j(r) = 7*r + 2. What is the units digit of j(m)?
6
Let q(c) = c**3 - c**2 - c + 4. Let w be q(0). Let u(s) = -s - 2*s + 2 - w. What is the units digit of u(-3)?
7
Suppose 2*z - 39 + 11 = 0. What is the units digit of z/4 - (-1)/(-2)?
3
Let g(u) = -u**3 + 10*u**2 - 7*u + 5. What is the tens digit of g(8)?
7
Suppose -2*t = -3*f - 77, -2*f - 255 = -5*t - 7*f. Let c = t + -22. What is the tens digit of c?
2
Let z = 509 + -238. What is the tens digit of z?
7
What is the units digit of 5/20 + (849/12 - -2)?
3
Suppose 0 = -x + 2 - 0. Suppose 3*m + m - 5*g - 104 = 0, 0 = -x*m - 5*g + 82. Suppose i + 3 = -y, -5*y = -3*i - 0*i + m. What is the units digit of i?
2
Suppose 4*j - 318 = -2*j. What is the tens digit of j?
5
Let z(i) = -14*i - 1. Let x be z(-2). Suppose 3*a + 4*f = x, -4*f - f + 10 = -a. What is the units digit of a?
5
Let t = -177 + 257. What is the tens digit of t?
8
Suppose 0 = -0*d + 2*d. Suppose i + d*i + 47 = 2*w, 5*i - 59 = -4*w. What is the units digit of w?
1
Let o = -37 + 59. Let f(m) = m - 7. Let y be f(-6). Let x = o + y. What is the units digit of x?
9
What is the tens digit of ((-1210)/(-25))/(0 + 6/15)?
2
Let g(j) = j**2 - 3*j - 4. What is the units digit of g(5)?
6
Suppose 0 = 5*r - 0*r - 285. What is the units digit of r?
7
Let o(f) = -f**2 + 10*f + 5. Let z be o(7). Suppose -2*x + 53 = 3*t - 17, 0 = -t - 2*x + z. What is the units digit of t?
2
Let s = -4 - -6. Suppose -s*q + 5*o = 34, -4*q = q - o + 108. Let l = q + 33. What is the units digit of l?
1
Let s(y) = -7*y**2 + 4*y + 5. Let f(z) = 6*z**2 - 5*z - 6. Suppose 1 + 4 = -v. Let w(h) = v*s(h) - 4*f(h). What is the units digit of w(1)?
0
Let g = -2 - -2. Suppose -m = -g*m. Suppose w + m*x - 7 = 3*x, 4*x = -w + 14. What is the units digit of w?
0
Suppose 0 = 7*q - 15*q + 112. What is the units digit of q?
4
What is the tens digit of (-1 - -28)/(3/3)?
2
Suppose -2*i + 12 = 2. What is the units digit of i?
5
Suppose -2*i = 4, v + 2*i = i - 5. Let c = v - -14. What is the units digit of c?
1
Suppose -4*v + 3*i + 7 = 0, -10 = 5*v - i - 27. Suppose -g + 103 = 3*x - 0, -v*x + 5*g = -112. What is the units digit of x?
3
Let s(o) = -o**3 + 6*o**2 + 8*o - 5. Let y be s(7). Let g(w) = 4 - w + 3 - y. What is the tens digit of g(-5)?
1
Let h = 37 + -24. What is the tens digit of h?
1
Let w(x) = x**3 + 7*x**2 + x + 10. Let i be w(-7). Let m(o) = o + 10. Let k be m(7). Suppose 10*y = 5*y + z + 51, -k = -i*y + 4*z. What is the tens digit of y?
1
Suppose 2*m = 2*l + 64 + 6, 3*l + 175 = 5*m. What is the units digit of m?
5
Suppose -5*z = -0*z + k + 130, 3*z + 4*k = -95. Let b = -15 - z. What is the units digit of b?
0
Let z(l) = l**2 + 11*l + 6. Let r be z(-7). What is the tens digit of 4/r - 1328/(-44)?
3
What is the tens digit of 71*(5 + -4)*1?
7
Suppose 0*p - 5*p - 4*y = -769, 3*y - 3 = 0. Suppose 4*t - p + 37 = 0. What is the tens digit of t?
2
Let m(z) = -z**3 - 12*z**2 - 5*z + 3. What is the tens digit of m(-13)?
3
Suppose o = 20 + 13. What is the units digit of o?
3
Suppose 0 = 3*h + 9, -2*d - d - h = 0. Let m(n) = -1 + 1 - d - 2*n. What is the units digit of m(-4)?
7
Let x be 1794/18 - 2/(-6). Suppose 3*q + 2*n = x, -q + 0*q = 2*n - 28. What is the tens digit of q?
3
Let t = -30 - -58. What is the tens digit of t?
2
Let m(g) = -g**3 + 6*g**2 + 8*g - 5. Let b be m(7). What is the units digit of b/((1 + -2)/(-2))?
4
Let n(p) = -3*p + 2. Let j be n(2). Let d be 2/(-5) + j/(-10). Suppose -56 = -d*m - 4*m. What is the units digit of m?
4
Suppose -5*g - 19 = 31. Let u = g - -18. What is the tens digit of 150/u + 1/4?
1
What is the tens digit of 19/(-1 + (-12)/(-8))?
3
Suppose -2*r = -u - 8, 0*r = 4*u + 4*r - 28. Let c be (-1 + 5)/(0 + u). Suppose -c*o - 3*i = -13, -o - 10 = -0*i - 4*i. What is the units digit of o?
2
Suppose -f + 6*j - j = -32, 0 = 4*f + 2*j - 40. Let g = f + 11. What is the tens digit of g?
2
Suppose 0*h + 4*h - 12 = 0. Suppose -h*x + 66 = 5*o, x - 2*x + 5 = -4*o. What is the tens digit of x?
1
Let b = 211 - 92. What is the hundreds digit of b?
1
Suppose 8*x + 20 = 4*x. Let k = 10 + x. What is the units digit of k?
5
Let r(w) = 3*w**2 - 19*w - 2. Let a(l) = 2*l**2 - 10*l - 1. Let k(b) = -5*a(b) + 3*r(b). What is the units digit of k(-5)?
9
Let o(g) = -g**2 + 3*g. Let b(j) = -j. Let z(r) = -5*b(r) + o(r). Let x be z(8). Suppose x = -a + 5*a - 44. What is the tens di